(0).
490
Let y(l) = 247*l - 22998. What is y(93)?
-27
Let i(d) = -208*d - 97. Calculate i(-1).
111
Let s(a) = -298*a + 5068. What is s(17)?
2
Let y(v) = -4662*v - 79258. Give y(-17).
-4
Let z(m) = -73*m + 1100. What is z(15)?
5
Let l(a) = -a**2 + 16*a + 22. Calculate l(0).
22
Let l(j) = -j**3 + 32*j**2 - 83*j - 131. Determine l(29).
-15
Let x(t) = -66*t - 4822. Give x(-73).
-4
Let t(o) = -o**3 + 22*o**2 - 37*o - 55. What is t(20)?
5
Let w(y) = -y**2 + 138*y - 797. Give w(6).
-5
Let g(v) = -624*v + 6844. Calculate g(11).
-20
Let n(i) = 60*i - 5203. What is n(87)?
17
Let d(k) = -165*k + 502. Give d(3).
7
Let l(m) = 517*m - 2631. Give l(5).
-46
Let z(g) = -g**3 - 21*g**2 + 262*g - 186. Give z(-30).
54
Let y(n) = -n**3 + 145*n**2 - 152*n + 1151. What is y(144)?
-1
Let p(v) = -37*v**2 + 480*v + 12. What is p(13)?
-1
Let i(n) = -326*n + 4246. Determine i(13).
8
Let i(t) = 36*t - 867. Determine i(30).
213
Let d(q) = q**3 + 106*q**2 + 298*q + 20255. Calculate d(-105).
-10
Let b(w) = -115*w - 457. Calculate b(-4).
3
Let r(i) = -903*i - 951. Determine r(-1).
-48
Let y(i) = -i**3 - 8*i**2 - 16. What is y(-8)?
-16
Let h(l) = l**3 - l**2 - 18*l - 39. Determine h(8).
265
Let h(c) = -2*c**3 + 9*c**2 - 4*c + 103. Calculate h(6).
-29
Let a(q) = 99*q + 795. Determine a(-8).
3
Let z(n) = -110*n + 448. Give z(4).
8
Let h(v) = 132*v + 6203. Calculate h(-47).
-1
Let b(v) = -v**3 - 13*v**2 - 11*v + 40. Give b(-3).
-17
Let b(x) = -2*x**3 - 50*x**2 - 44*x - 34. What is b(-24)?
-130
Let h(p) = -p**3 - 3*p**2 + 68*p + 100. Determine h(-9).
-26
Let c(f) = 392*f - 1189. What is c(3)?
-13
Let g(l) = -2*l**3 + 39*l**2 - 78*l - 120. Calculate g(17).
-1
Let l(h) = -h**2 + 160*h + 1187. What is l(-7)?
18
Let y(i) = i**2 - 25*i - 1. Give y(8).
-137
Let v(a) = -1618*a + 17792. Give v(11).
-6
Let r(t) = 29*t - 197. Calculate r(19).
354
Let m(s) = -72*s + 67. What is m(4)?
-221
Let h(y) = -y**3 - 17*y**2 - 453*y - 6991. Calculate h(-16).
1
Let n(r) = r**3 + 2*r**2 + r + 2. Give n(-4).
-34
Let c(d) = 159*d + 761. Give c(-5).
-34
Let o(c) = c**2 + 24*c + 129. Give o(-17).
10
Let b(v) = -v**3 - v**2 + 7*v - 2. Give b(1).
3
Let i(h) = 5*h**3 + 13*h**2 - h + 6. Give i(-3).
-9
Let f(y) = -2*y**2 + 74*y - 592. Give f(11).
-20
Let h(l) = -543*l + 5971. Determine h(11).
-2
Let c(a) = -3*a**2 - 5678*a + 6. Determine c(0).
6
Let h(m) = -3*m**3 - 457*m**2 + 765*m - 764. Determine h(-154).
6
Let h(v) = -22*v - 301. Determine h(-13).
-15
Let q(t) = -2*t**2 + 8*t + 1. Determine q(8).
-63
Let j(y) = 86*y**2 + 421*y - 35. What is j(-5)?
10
Let q(b) = b**3 + 4*b**2 + 8*b + 63. Calculate q(-6).
-57
Let c(d) = 3*d**2 + 2*d + 2. Determine c(-3).
23
Let s(a) = a**2 - 13*a + 335. Determine s(29).
799
Let k(x) = -2*x**3 - 145*x**2 - 74*x - 130. Determine k(-72).
14
Let k(v) = v**2 - 34*v + 260. Calculate k(39).
455
Let l(q) = -56*q**2 + 14*q - 15. What is l(1)?
-57
Let q(f) = -9*f**2 + 16*f + 106. Give q(-6).
-314
Let k(o) = -31*o + 262. What is k(8)?
14
Let y(d) = -d**3 + 5*d**2 - 6*d + 4. Calculate y(4).
-4
Let d(w) = 25*w - 233. What is d(25)?
392
Let q(o) = 4*o**3 + 3*o**2 - 11*o + 5. Determine q(2).
27
Let n(v) = v**3 - 11*v**2 + 16*v - 3. Give n(10).
57
Let s(f) = -100*f + 431. What is s(4)?
31
Let b(r) = r**3 + 11*r**2 + 25*r + 8. Calculate b(-6).
38
Let d(k) = -k**3 - 120*k**2 + 62*k + 7458. Give d(-120).
18
Let x(p) = -209*p - 634. Calculate x(-3).
-7
Let o(a) = 12*a**2 + 16*a. Determine o(-6).
336
Let l(g) = -2*g**2 - g + 17. Determine l(-6).
-49
Let h(k) = -53*k + 6446. Give h(122).
-20
Let h(j) = 43*j + 150. Give h(-4).
-22
Let d(p) = 140*p + 858. Determine d(-7).
-122
Let u(y) = 14*y + 34. Give u(-4).
-22
Let a(s) = -s**3 + 2*s**2 - 206*s + 1038. Calculate a(5).
-67
Let p(z) = 10*z**2 - 831*z - 749. Give p(84).
7
Let c(n) = -n**2 - 10*n + 359. Determine c(-24).
23
Let x(v) = 60*v + 218. Calculate x(-4).
-22
Let n(b) = 7*b**2 + 554*b + 38. Give n(-79).
-41
Let n(h) = -14*h**3 + 72*h**2 + 2*h - 45. Determine n(5).
15
Let m(o) = -o**3 + 46*o**2 + 311*o + 48. Calculate m(52).
-4
Let k(t) = -t**3 + 23*t**2 - 57*t - 78. Determine k(20).
-18
Let z(p) = 127*p**2 - 430*p + 5. Determine z(4).
317
Let x(i) = -i**3 - 18*i**2 - 25*i - 7. What is x(-17)?
129
Let t(f) = f**3 - 14*f**2 + 39*f + 7. Determine t(9).
-47
Let y(p) = -8*p + 180. Determine y(22).
4
Let s(g) = -188*g + 2461. What is s(13)?
17
Let i(g) = -g**3 - 62*g**2 - 428*g + 186. Calculate i(-54).
-30
Let i(w) = 13*w**2 + 307*w - 115. Determine i(-24).
5
Let h(u) = 99*u - 4649. Give h(47).
4
Let v(s) = 4*s**3 - 139*s**2 - 34*s - 114. Give v(35).
-79
Let w(f) = f**3 - 7*f**2 - 15*f - 30. Give w(9).
-3
Let t(q) = 9*q**2 - 6*q + 5. Give t(1).
8
Let b(w) = -92*w**3 - 2*w + 9. Calculate b(2).
-731
Let q(l) = l**2 + 63*l + 329. Determine q(-58).
39
Let u(x) = -9*x**2 - 173*x + 177. Calculate u(-20).
37
Let s(o) = -80*o + 78. What is s(9)?
-642
Let q(w) = -373*w - 3005. What is q(-8)?
-21
Let p(t) = -2*t**2 - 71*t + 224. What is p(-38)?
34
Let v(y) = 159*y**2 + 568*y + 4. What is v(-4)?
276
Let i(z) = 11*z**2 - 16*z - 82. What is i(-4)?
158
Let w(b) = b**3 + 163*b**2 + 1391*b + 769. Give w(-154).
-1
Let s(q) = -q**3 + 5*q**2 + 496*q + 75. Determine s(25).
-25
Let f(w) = -w**3 + 45*w**2 + 5348*w - 198. What is f(99)?
0
Let s(n) = 59*n - 1979. Calculate s(33).
-32
Let i(j) = j**3 - 34*j**2 - 8*j + 221. Calculate i(34).
-51
Let j(c) = -410*c - 15574. Determine j(-38).
6
Let x(q) = -8*q**3 - q**2 + 13*q + 22. What is x(-2)?
56
Let h(b) = -2*b**3 + 24*b**2 + 4*b - 12. Calculate h(6).
444
Let w(q) = -2*q**3 + 18*q**2 - 36*q + 3. Determine w(3).
3
Let w(g) = 14*g**2 - 7*g + 1. Give w(0).
1
Let j(h) = 2*h**2 + 63*h + 156. Determine j(-29).
11
Let f(x) = 4*x - 66. Calculate f(-40).
-226
Let w(f) = f**3 + 115*f**2 + 342*f + 664. What is w(-112)?
-8
Let j(y) = -7*y**2 - 6*y - 64. Calculate j(0).
-64
Let a(m) = -5*m**2 + 23*m - 18. Determine a(2).
8
Let w(a) = 1560*a + 1551. What is w(-1)?
-9
Let j(d) = 131*d + 671. Calculate j(-5).
16
Let k(c) = c**3 + 14*c**2 - 9*c - 288. What is k(-13)?
-2
Let r(n) = -n**3 - 15*n**2 - 231*n - 3461. Calculate r(-15).
4
Let d(u) = -267*u + 2133. What is d(8)?
-3
Let n(t) = -2542*t - 20366. Determine n(-8).
-30
Let k(b) = -b**2 - 205*b - 8978. Determine k(-64).
46
Let q(t) = -t**2 + 28*t + 30. Calculate q(30).
-30
Let i(o) = -8*o**2 - 62*o - 228. Calculate i(-5).
-118
Let r(f) = -29*f - 221. What is r(-8)?
11
Let q(s) = 54*s - 26. Determine q(0).
-26
Let r(g) = 321*g + 673. Calculate r(-2).
31
Let z(w) = -117*w - 560. Give z(-5).
25
Let t(n) = 17361*n + 190975. What is t(-11)?
4
Let m(x) = 96*x**2 + 7*x + 8. Calculate m(-1).
97
Let k(v) = -6*v - 46. What is k(18)?
-154
Let i(q) = 2*q**3 - 13*q**2 - 11*q - 19. What is i(7)?
-47
Let m(o) = 3129*o - 3123. Determine m(1).
6
Let g(r) = -r**3 - 8*r**2 - 24*r - 13. What is g(-4)?
19
Let h(n) = -2*n**2 - 202*n - 1315. Determine h(-7).
1
Let z(y) = -98*y - 3328. Calculate z(-42).
788
Let p(h) = -h**3 - 16*h**2 + 20*h - 67. Determine p(-18).
221
Let c(x) = -x**3 + 117*x**2 + 124*x - 716. What is c(118)?
-8
Let d(b) = -183*b + 10997. Calculate d(60).
17
Let x(y) = 14*y**2 + 64*y - 118. Determine x(-6).
2
Let s(o) = 2*o**3 - 17*o**2 + 4*o + 30. Calculate s(8).
-2
Let l(s) = -17*s + 1872. What is l(115)?
-83
Let q(m) = 10*m**3 + 29*m**2 + 15. Determine q(-3).
6
Let n(g) = g**3 - g**2 - 2173*g - 6481. Calculate n(-3).
2
Let w(g) = 12*g**2 + 27*g - 4. Calculate w(-4).
80
Let g(b) = -b**2 - 766*b - 7577. Give g(-10).
-17
Let f(t) = -5*t - 57. Calculate f(-4).
-37
Let n(o) = -158*o - 2070. Give n(-13).
-16
Let p(r) = -3*r**3 + 44*r**2 - 156*r + 66. Calculate p(5).
11
Let p(f) = 16*f**3 + 35*f - 35. What is p(1)?
16
Let c(h) = -18*h + 240. What is c(10)?
60
Let k(z) = 2*z**3 - 29*z**2 + 14*z + 90. Give k(14).
90
Let f(p) = 19*p - 167. Calculate f(19).
194
Let g(a) = 2*a**2 + 11*a - 13. Give g(-7).
8
Let y(h) = -19*h - 248. What is y(-13)?
-1
Let v(m) = 2*m - 92. Calculate v(16).
-60
Let x(n) = n**3 - 22*n**2 - 26*n + 70. What is x(23)?
1
Let l(r) = 16*r + 43. Give l(4).
107
Let i(b) = -8*b**2 + 244*b - 56. Give i(30).
64
Let d(c) = -5*c**2 + 98*c + 287. Determine d(-3).
-52
Let c(y) = y**3 + 56*y**2 + 5*y + 278. What is c(-56)?
-2
Let l(t) = -t**3 + 92*t**2 - 1216*t + 59. Determine l(76).
59
